{"id":9,"date":"2007-06-25T21:53:12","date_gmt":"2007-06-25T20:53:12","guid":{"rendered":"http:\/\/www.matieres.com\/wordpress\/?page_id=9"},"modified":"2026-01-08T13:46:19","modified_gmt":"2026-01-08T12:46:19","slug":"qui-sommes-nous","status":"publish","type":"page","link":"https:\/\/www.12sur12.org\/?page_id=9","title":{"rendered":"Qui sommes-nous?"},"content":{"rendered":"<p style=\"text-align: justify;\">L&rsquo;association <em>Vivre l&rsquo;\u00eele 12 sur 12<\/em> est n\u00e9e en 1985. Un projet de centre de loisirs aquatiques sur le site de Fort Larron, pointe sablonneuse encore vierge au Nord-Est de l&rsquo;\u00eele de Noirmoutier, avait mobilis\u00e9 des r\u00e9sidents indign\u00e9s de voir s&rsquo;installer sur cet espace remarquable des attractions tapageuses. Le projet sera retir\u00e9 mais l&rsquo;association de d\u00e9fense de l&rsquo;environnement <em>Vivre l&rsquo;\u00eele 12 sur 12<\/em> est n\u00e9e ; elle sera reconnue association agr\u00e9\u00e9e de d\u00e9fense de l&rsquo;environnement le 29 juin 1989.<\/p>\n<p>Le projet de l&rsquo;association est d\u00e9fini dans ses statuts :<br \/>\n\u2022 assurer la protection de la nature et de l&rsquo;environnement de l&rsquo;\u00eele.<br \/>\n\u2022 sauvegarder sa flore, sa faune, ses r\u00e9serves naturelles en tenant compte du milieu dont elles d\u00e9pendent.<br \/>\n\u2022 veiller au bon \u00e9quilibre des int\u00e9r\u00eats humains, sociaux, culturels, scientifiques, \u00e9conomiques, sanitaires et touristiques.<br \/>\n\u2022 rechercher une meilleure information pour une action constructive.<\/p>\n<p style=\"text-align: justify;\">Depuis 1985 l&rsquo;association s&rsquo;est affirm\u00e9e. Actuellement forte de pr\u00e8s de 450 adh\u00e9rents elle s&rsquo;oppose avec succ\u00e8s aux projets trop mena\u00e7ants pour l&rsquo;environnement ou le patrimoine. Quand la concertation n&rsquo;est pas possible et chaque fois que la loi est contourn\u00e9e, elle poursuit ses combats devant les juridictions administratives ou civiles. Elle a ainsi engag\u00e9 des proc\u00e9dures concernant:<\/p>\n<p>\u2022 un projet de construction de 70 logements sur la dune,<br \/>\n\u2022 la construction de 39 logements sur un site class\u00e9 (moulin du Bois Gaudin),<br \/>\n\u2022 la construction de 45 logements en bordure du polder de Mullembourg,<br \/>\n\u2022 la construction d&rsquo;une maison en sommet de dune bordi\u00e8re,<br \/>\n\u2022 le plan d&rsquo;occupation des sols de la commune de l&rsquo;\u00c9pine qui d\u00e9classait des zones sensibles (dunes, marais) en zones constructibles,<br \/>\n\u2022 le d\u00e9versement de boues de dragage de port \u00e0 proximit\u00e9 d&rsquo;une plage,<br \/>\n\u2022 un projet de route littorale,<br \/>\n\u2022 le plan d&rsquo;occupation des sols de la commune de Barb\u00e2tre qui ne tenait pas compte de zones sensibles class\u00e9es ZNIEFF de type 1 (dunes et polder de S\u00e9bastopol entre autres).<br \/>\n\u2022 l&rsquo;extension sans pr\u00e9cautions architecturales particuli\u00e8res d&rsquo;une zone artisanale \u00e0 La Gu\u00e9rini\u00e8re.<br \/>\n\u2022 de nombreuses autres actions, sur le terrain, ont permis de prot\u00e9ger des zones sensibles, de limiter la fr\u00e9n\u00e9sie immobili\u00e8re et de faciliter l&rsquo;application raisonn\u00e9e de la loi Littoral.<\/p>\n<p style=\"text-align: justify;\">Le suivi de nombreux dossiers, la participation \u00e0 toutes les enqu\u00eates publiques, \u00e0 l&rsquo;Observatoire des mar\u00e9es noires, \u00e0 la Commission d\u00e9partementale des sites, au Comit\u00e9 de pilotage du projet de classement du Gois, au Comit\u00e9 de Suivi du d\u00e9vasage du port de l&rsquo;Herbaudi\u00e8re, \u00e0 des comit\u00e9s de pilotage ou de suivi cr\u00e9\u00e9s par la Communaut\u00e9 de Communes (polders de Mullembourg et de S\u00e9bastopol, travaux de d\u00e9fense contre la mer) permettent \u00e0 l&rsquo;association de participer aux indispensables concertations qui devraient pr\u00e9c\u00e9der tous les les projets qui concernent l&rsquo;environnement de l&rsquo;\u00eele.<\/p>\n<p style=\"text-align: justify;\">Dans le cadre d\u2019un travail universitaire, un ancien membre du Conseil d\u2019administration de l\u2019association, Michel Devroc, s\u2019est pench\u00e9 sur la question des relations entre les associations et les \u00e9lus. Son m\u00e9moire inclut un aper\u00e7u du travail de l&rsquo;association <em>Vivre l&rsquo;\u00eele 12 sur 12<\/em>.<a title=\"memoire-devroc.pdf\" href=\"https:\/\/www.12sur12.org\/wp-content\/uploads\/2007\/12\/memoire-devroc.pdf\"> Il peut \u00eatre t\u00e9l\u00e9charg\u00e9 en cliquant ici<\/a>.<\/p>\n<p>L&rsquo;association \u00e9dite un bulletin d&rsquo;information destin\u00e9 \u00e0 ses membres.<\/p>\n<p><strong>LE CONSEIL D\u2019ADMINISTRATION et le BUREAU<\/strong><\/p>\n<p>Le 23 octobre 2025, l\u2019assembl\u00e9e g\u00e9n\u00e9rale a renouvel\u00e9 le Conseil d\u2019Administration. Le Bureau \u00e9lu par les administrateurs, suite \u00e0 cette Assembl\u00e9e G\u00e9n\u00e9rale, a \u00e9t\u00e9 modifi\u00e9 et se compose d\u00e9sormais de la sorte :<\/p>\n<p>Pr\u00e9sidente : DAMOUR Annik<\/p>\n<p>Secr\u00e9taire\u00a0: GUERIN DAVIET Maryvonne<\/p>\n<p>Tr\u00e9sorier\u00a0: DECOBERT Michel<\/p>\n<p>Membres: LE PAGE Annick, ANDROMAQUE Alain, CITEAU Pierre, PALVADEAU Jean-Marie<\/p>\n<p>Membre honoraire : BEAUCH\u00caNE Marie Th\u00e9r\u00e8se<\/p>\n","protected":false},"excerpt":{"rendered":"<p>L&rsquo;association Vivre l&rsquo;\u00eele 12 sur 12 est n\u00e9e en 1985. Un projet de centre de loisirs aquatiques sur le site de Fort Larron, pointe sablonneuse encore vierge au Nord-Est de l&rsquo;\u00eele de Noirmoutier, avait mobilis\u00e9 des r\u00e9sidents indign\u00e9s de voir &hellip; <a href=\"https:\/\/www.12sur12.org\/?page_id=9\">Continue reading <span class=\"meta-nav\">&rarr;<\/span><\/a><\/p>\n","protected":false},"author":8,"featured_media":0,"parent":15,"menu_order":2,"comment_status":"closed","ping_status":"closed","template":"","meta":{"footnotes":""},"class_list":["post-9","page","type-page","status-publish","hentry"],"_links":{"self":[{"href":"https:\/\/www.12sur12.org\/index.php?rest_route=\/wp\/v2\/pages\/9","targetHints":{"allow":["GET"]}}],"collection":[{"href":"https:\/\/www.12sur12.org\/index.php?rest_route=\/wp\/v2\/pages"}],"about":[{"href":"https:\/\/www.12sur12.org\/index.php?rest_route=\/wp\/v2\/types\/page"}],"author":[{"embeddable":true,"href":"https:\/\/www.12sur12.org\/index.php?rest_route=\/wp\/v2\/users\/8"}],"replies":[{"embeddable":true,"href":"https:\/\/www.12sur12.org\/index.php?rest_route=%2Fwp%2Fv2%2Fcomments&post=9"}],"version-history":[{"count":22,"href":"https:\/\/www.12sur12.org\/index.php?rest_route=\/wp\/v2\/pages\/9\/revisions"}],"predecessor-version":[{"id":5560,"href":"https:\/\/www.12sur12.org\/index.php?rest_route=\/wp\/v2\/pages\/9\/revisions\/5560"}],"up":[{"embeddable":true,"href":"https:\/\/www.12sur12.org\/index.php?rest_route=\/wp\/v2\/pages\/15"}],"wp:attachment":[{"href":"https:\/\/www.12sur12.org\/index.php?rest_route=%2Fwp%2Fv2%2Fmedia&parent=9"}],"curies":[{"name":"wp","href":"https:\/\/api.w.org\/{rel}","templated":true}]}}